factors of 28456568.
2, 7, 73, 6961
List the prime factors of 858685778.
2, 429342889
List the prime factors of 97346302.
2, 1009, 48239
List the prime factors of 110675363.
31, 1459, 2447
List the prime factors of 172511435.
5, 31, 1112977
What are the prime factors of 5392171493?
239, 827, 27281
What are the prime factors of 2743749093?
3, 19, 67, 37813
List the prime factors of 113407895.
5, 1291, 17569
List the prime factors of 119074693.
119074693
What are the prime factors of 40298182?
2, 2741, 7351
List the prime factors of 100241912.
2, 23, 544793
List the prime factors of 127134104.
2, 15891763
What are the prime factors of 1716553555?
5, 343310711
What are the prime factors of 897996076?
2, 224499019
List the prime factors of 99429798.
2, 3, 13, 98057
List the prime factors of 1086051807.
3, 1489783
List the prime factors of 1170651697.
1170651697
What are the prime factors of 116122844?
2, 29, 137, 7307
What are the prime factors of 26126697?
3, 971, 8969
List the prime factors of 142036265.
5, 7, 31, 109, 1201
What are the prime factors of 742623640?
2, 5, 11, 1687781
What are the prime factors of 27742306?
2, 13871153
List the prime factors of 448821466.
2, 631, 355643
What are the prime factors of 90865813?
6547, 13879
What are the prime factors of 80929931?
80929931
List the prime factors of 169102603.
19, 2141, 4157
List the prime factors of 1204464406.
2, 173, 3481111
List the prime factors of 278000251.
1637, 169823
What are the prime factors of 4530220982?
2, 7, 323587213
What are the prime factors of 15061833?
3, 587, 2851
List the prime factors of 1408091827.
17, 31, 2671901
List the prime factors of 111528675.
3, 5, 163, 3041
What are the prime factors of 25597973?
151, 169523
List the prime factors of 164650148.
2, 13, 37, 85577
List the prime factors of 79376469.
3, 83, 318781
What are the prime factors of 540031232?
2, 13, 162269
What are the prime factors of 192885030?
2, 3, 5, 13, 179, 307
What are the prime factors of 21600563?
29, 37, 41, 491
List the prime factors of 90100110.
2, 3, 5, 3003337
What are the prime factors of 23701060?
2, 5, 17, 69709
List the prime factors of 1170695607.
3, 23, 16966603
List the prime factors of 249941340.
2, 3, 5, 11, 126233
What are the prime factors of 6331973639?
227, 27894157
List the prime factors of 532835140.
2, 5, 26641757
List the prime factors of 628224655.
5, 997, 126023
What are the prime factors of 107656743?
3, 47, 763523
What are the prime factors of 2941609712?
2, 183850607
List the prime factors of 273972974.
2, 11, 1571, 7927
What are the prime factors of 1104170471?
7933, 139187
List the prime factors of 1909577022.
2, 3, 318262837
What are the prime factors of 33436585?
5, 7, 13, 43, 1709
List the prime factors of 23621551.
17, 83, 16741
List the prime factors of 9795340.
2, 5, 89, 5503
What are the prime factors of 12884651?
13, 991127
List the prime factors of 117375094.
2, 73, 803939
What are the prime factors of 1394077642?
2, 73, 491, 19447
What are the prime factors of 130636216?
2, 197, 82891
What are the prime factors of 16060113?
3, 29, 43, 53
What are the prime factors of 397627167?
3, 7, 167, 113381
What are the prime factors of 5728997986?
2, 39293, 72901
List the prime factors of 753730220.
2, 5, 3533, 10667
List the prime factors of 1111048352.
2, 59, 211, 2789
List the prime factors of 1172885551.
2293, 511507
What are the prime factors of 1930403099?
251, 7690849
List the prime factors of 9345335.
5, 41, 45587
List the prime factors of 6080573423.
107, 56827789
What are the prime factors of 132026028?
2, 3, 11002169
List the prime factors of 2001541165.
5, 13, 97, 317453
List the prime factors of 173220840.
2, 3, 5, 13, 37013
List the prime factors of 1006726243.
1006726243
List the prime factors of 19823960.
2, 5, 13, 67, 569
What are the prime factors of 6805958471?
13, 1069, 489743
List the prime factors of 82503229.
37, 151, 14767
List the prime factors of 140670670.
2, 5, 7, 37, 7759
List the prime factors of 33741082.
2, 31, 389, 1399
List the prime factors of 163703314.
2, 2791, 29327
List the prime factors of 2673537544.
2, 251, 1331443
What are the prime factors of 2549098739?
11, 83, 131, 21313
What are the prime factors of 1208849859?
3, 7, 557, 11483
List the prime factors of 369245744.
2, 7, 3296837
What are the prime factors of 634334402?
2, 13, 541, 3469
What are the prime factors of 8453055?
3, 5, 13, 67, 647
List the prime factors of 995585141.
2003, 497047
What are the prime factors of 212424983?
212424983
List the prime factors of 35960497.
83, 433259
List the prime factors of 550973478.
2, 3, 11, 31, 53, 5081
What are the prime factors of 301708789?
389, 775601
List the prime factors of 714587861.
13, 54968297
List the prime factors of 538423.
538423
List the prime factors of 158465277.
3, 43, 409471
What are the prime factors of 268915450?
2, 5, 61, 88169
What are the prime factors of 124895191?
124895191
What are the prime factors of 81737689?
11, 29, 89, 2879
List the prime factors of 505931988.
2, 3, 42160999
What are the prime factors of 163758702?
2, 3, 877, 31121
List the prime factors of 126457096.
2, 15807137
What are the prime factors of 292677920?
2, 5, 83, 22039
List the prime factors of 491253278.
2, 245626639
List the prime factors of 155062456.
2, 19382807
What are the prime factors of 105667534?
2, 7, 211, 35771
List the prime factors of 3794993091.
3, 8231, 51229
What are the prime factors of 4322255573?
523, 601, 13751
What are the prime factors of 7611581?
7611581
List the prime factors of 145961708.
2, 3559, 10253
List the prime factors of 37635678.
2, 3, 29, 8011
What are the prime factors of 85414825?
5, 1049, 3257
What are the prime factors of 85799303?
6949, 12347
What are the prime factors of 771114913?
771114913
What are the prime factors of 78239165?
5, 15647833
List the prime factors of 1497276431.
7, 3449, 62017
List the prime factors of 67535239.
67535239
What are the prime factors of 125791743?
3, 7, 11, 631, 863
List the prime factors of 43958512.
2, 13, 211339
What are the prime factors of 280842385?
5, 131, 157, 2731
List the prime factors of 1786883610.
2, 3, 5, 179, 269, 1237
What are the prime factors of 1238280907?
61, 101, 200987
What are the prime factors of 5603361769?
89, 107, 588403
List the prime factors of 1006223056.
2, 62888941
List the prime factors of 51697903.
51697903
List the prime factors of 67407275.
5, 13, 433, 479
List the prime factors of 31394641.
463, 67807
List the prime factors of 834486621.
3, 23, 12094009
What are the prime factors of 51297798?
2, 3, 109, 78437
What are the prime factors of 19797297?
3, 13, 19, 26717
What are the prime factors of 638386735?
5, 7, 23, 229, 3463
What are the prime factors of 59112928?
2, 7, 163, 1619
List the prime factors of 7235504222.
2, 31, 2459, 47459
List the prime factors of 233078549.
11, 1926269
List the prime factors of 275518240.
2, 5, 19, 90631
List the prime factors of 1925116542.
2, 3, 41, 2608559
What are the prime factors of 2110761377?
179, 11791963
What are the prime factors of 170218609?
11, 61, 253679
What are the prime factors of 1427475427?
7, 23, 271, 32717
List the prime factors of 176514546.
2, 3, 13, 2263007
List the prime factors of 1548829344.
2, 3, 101, 159739
What are the prime factors of 69661844?
2, 7, 2487923
List the prime factors of 13852503.
3, 7, 219881
What are the prime factors of 51240933?
3, 1093, 5209
List the prime factors of 1478774.
2, 11, 67217
What are the prime factors of 2160345250?
2, 5, 7, 433, 2851
List the prime factors of 3445902111.
3, 19, 60454423
List the prime factors of 64396378.
2, 53, 353, 1721
What are the prime factors of 124359368?
2, 7, 37, 47, 1277
What are the prime factors of 16527970?
2, 5, 29, 56993
List the prime factors of 179921761.
17, 43, 246131
What are the prime factors of 827425070?
2, 5, 73, 1133459
What are the prime factors of 117992684?
2, 59, 499969
List the prime factors of 63995793.
3, 41, 520291
What are the prime factors of 1025644153?
17, 719, 83911
What are the prime factors of 36985090?
2, 5, 3698509
What are the prime factors of 7872950028?
2, 3, 3881, 169049
List the prime factors of 1946253734.
2, 973126867
What are the prime factors of 